7 and 323?
19
What is the highest common divisor of 192 and 36?
12
Calculate the highest common divisor of 11 and 1661.
11
Calculate the greatest common divisor of 38 and 18088.
38
What is the highest common divisor of 93 and 291?
3
Calculate the greatest common divisor of 47 and 4841.
47
What is the highest common factor of 19 and 5111?
19
What is the highest common factor of 106 and 7738?
106
Calculate the greatest common factor of 6620 and 20.
20
Calculate the greatest common divisor of 49 and 1813.
49
What is the greatest common factor of 11051 and 43?
43
Calculate the highest common factor of 190 and 76.
38
What is the highest common divisor of 250 and 2?
2
What is the greatest common factor of 42 and 498?
6
What is the greatest common factor of 9 and 18?
9
What is the greatest common factor of 2366 and 14?
14
Calculate the greatest common factor of 1 and 2044.
1
Calculate the highest common divisor of 732 and 244.
244
What is the highest common factor of 145 and 35?
5
What is the greatest common factor of 40 and 720?
40
Calculate the highest common divisor of 32 and 9376.
32
What is the highest common divisor of 42 and 14?
14
What is the greatest common divisor of 425 and 17?
17
What is the highest common divisor of 14469 and 106?
53
What is the greatest common divisor of 34 and 11866?
34
Calculate the greatest common factor of 56 and 133.
7
What is the greatest common factor of 792 and 504?
72
Calculate the greatest common factor of 427 and 305.
61
What is the greatest common divisor of 6 and 6?
6
What is the greatest common divisor of 165 and 1925?
55
Calculate the highest common factor of 248 and 8.
8
Calculate the greatest common divisor of 29 and 377.
29
What is the greatest common factor of 828 and 36?
36
What is the greatest common factor of 855 and 45?
45
Calculate the highest common factor of 13720 and 160.
40
Calculate the greatest common divisor of 16 and 46.
2
What is the highest common factor of 792 and 1332?
36
What is the greatest common divisor of 60 and 210?
30
Calculate the greatest common factor of 3100 and 500.
100
What is the greatest common factor of 1794 and 78?
78
What is the highest common factor of 1222 and 26?
26
Calculate the highest common factor of 6109 and 745.
149
Calculate the greatest common divisor of 344 and 8.
8
What is the highest common divisor of 671 and 427?
61
What is the greatest common divisor of 104 and 40?
8
What is the greatest common divisor of 10 and 515?
5
Calculate the greatest common divisor of 567 and 2457.
189
What is the highest common factor of 147 and 42?
21
What is the greatest common factor of 512 and 80?
16
Calculate the greatest common factor of 72 and 24.
24
What is the greatest common factor of 15 and 39?
3
What is the highest common divisor of 8 and 274?
2
Calculate the greatest common divisor of 210 and 90.
30
What is the greatest common factor of 20 and 3860?
20
What is the highest common factor of 256 and 416?
32
What is the greatest common factor of 20 and 6?
2
Calculate the greatest common divisor of 15 and 645.
15
What is the highest common divisor of 272 and 224?
16
What is the highest common divisor of 49 and 392?
49
Calculate the highest common factor of 12 and 78.
6
What is the highest common divisor of 1541 and 23?
23
Calculate the highest common factor of 1650 and 1350.
150
Calculate the highest common divisor of 39 and 312.
39
Calculate the highest common factor of 309 and 3.
3
What is the highest common divisor of 66 and 18?
6
What is the greatest common factor of 20064 and 16?
16
What is the greatest common divisor of 105 and 2870?
35
What is the highest common divisor of 165 and 22?
11
Calculate the highest common divisor of 270 and 285.
15
Calculate the greatest common divisor of 58425 and 25.
25
Calculate the highest common factor of 134 and 13735.
67
Calculate the greatest common factor of 2071 and 76.
19
What is the highest common divisor of 291 and 25899?
291
Calculate the greatest common divisor of 98 and 336.
14
Calculate the greatest common divisor of 22 and 1408.
22
What is the greatest common factor of 200 and 950?
50
What is the greatest common factor of 78450 and 15?
15
Calculate the highest common factor of 7090 and 10.
10
What is the greatest common divisor of 68 and 17?
17
Calculate the highest common factor of 17 and 49878.
17
Calculate the highest common divisor of 96 and 912.
48
Calculate the highest common factor of 96 and 352.
32
What is the highest common divisor of 614 and 7061?
307
Calculate the greatest common divisor of 200 and 700.
100
What is the highest common factor of 52 and 1300?
52
What is the greatest common divisor of 145 and 29?
29
Calculate the highest common factor of 150 and 14450.
50
Calculate the greatest common divisor of 450 and 60.
30
Calculate the greatest common divisor of 80 and 1720.
40
What is the highest common factor of 9 and 279?
9
What is the highest common factor of 3743 and 19?
19
What is the highest common factor of 51352 and 262?
262
What is the highest common factor of 30 and 462?
6
Calculate the highest common divisor of 15 and 15915.
15
What is the highest common factor of 387 and 731?
43
What is the highest common factor of 60 and 36?
12
Calculate the highest common divisor of 148 and 4477.
37
What is the greatest common divisor of 28 and 28?
28
Calculate the highest common divisor of 156 and 52.
52
Calculate the greatest common factor of 1081 and 47.
47
What is the highest common divisor of 851 and 23?
23
Calculate the highest common divisor of 21 and 3969.
21
Calculate the highest common factor of 150 and 510.
30
Calculate the highest common factor of 25 and 145.
5
Calculate the highest common divisor of 2 and 17.
1
Calculate the greatest common divisor of 244 and 3416.
244
Calculate the greatest common divisor of 28577 and 17.
17
Calculate the highest common factor of 5439 and 588.
147
Calculate the highest common factor of 1625 and 520.
65
What is the greatest common factor of 29336 and 1158?
386
Calculate the greatest common divisor of 556 and 695.
139
What is the greatest common factor of 111 and 54501?
111
Calculate the highest common divisor of 139 and 174306.
139
Calculate the highest common factor of 84 and 156.
12
What is the greatest common divisor of 451 and 22?
11
What is the highest common factor of 19076 and 76?
76
What is the greatest common divisor of 34071 and 277?
277
What is the highest common factor of 301 and 14?
7
What is the highest common factor of 837 and 270?
27
Calculate the greatest common divisor of 9275 and 175.
175
Calculate the greatest common factor of 308 and 6622.
154
What is the highest common factor of 286 and 7414?
22
What is the greatest common divisor of 288 and 3424?
32
Calculate the highest common factor of 5 and 2205.
5
Calculate the greatest common factor of 800 and 32.
32
What is the greatest common factor of 111 and 5883?
111
Calculate the highest common factor of 6 and 498.
6
What is the greatest common divisor of 1575 and 300?
75
Calculate the greatest common factor of 2665 and 65.
65
Calculate the highest common factor of 2025 and 162.
81
What is the highest common factor of 844 and 16?
4
Calculate the greatest common divisor of 1136 and 71.
71
Calculate the greatest common divisor of 2464 and 1309.
77
Calculate the highest common divisor of 1106 and 14.
14
Calculate the greatest common factor of 26 and 78.
26
What is the greatest common factor of 105 and 735?
105
Calculate the highest common divisor of 517 and 94.
47
What is the highest common divisor of 11864 and 40?
8
What is the highest common factor of 4914 and 70?
14
Calculate the highest common factor of 448 and 168.
56
Calculate the highest common factor of 1946 and 56.
14
Calculate the greatest common divisor of 66 and 1182.
6
What is the highest common divisor of 10 and 17090?
10
Calculate the highest common divisor of 18702 and 18.
18
Calculate the highest common divisor of 36 and 2052.
36
Calculate the highest common divisor of 87 and 58.
29
Calculate the highest common factor of 92 and 8.
4
Calculate the greatest common divisor of 33 and 327.
3
What is the highest common factor of 15 and 155?
5
Calculate the highest common factor of 72 and 81.
9
What is the highest common factor of 